{"id":21,"date":"2026-02-08T13:01:35","date_gmt":"2026-02-08T13:01:35","guid":{"rendered":"https:\/\/gudruningelbach.feel-good-media.de\/?page_id=21"},"modified":"2026-02-08T16:20:46","modified_gmt":"2026-02-08T16:20:46","slug":"ueber-mich","status":"publish","type":"page","link":"https:\/\/gudruningelbach.feel-good-media.de\/?page_id=21","title":{"rendered":"\u00dcber mich"},"content":{"rendered":"<div  class='flex_column av-1k90l-4277a203c9f298d7a645c015a1cbd044 av_one_full  avia-builder-el-0  el_before_av_one_full  avia-builder-el-first  first flex_column_div  '     ><section  class='av_textblock_section av-mldxga5t-eb1977a8c542c428c7d68169e0652ad4 '   itemscope=\"itemscope\" itemtype=\"https:\/\/schema.org\/CreativeWork\" ><div class='avia_textblock'  itemprop=\"text\" ><h2 style=\"text-align: center;\">Gudrun Ingelbach<br \/>\nPsychologische Beratung &amp; Coaching Br\u00fchl.<\/h2>\n<\/div><\/section><\/div>\n<div  class='flex_column av-prpt-805ceaffbeef3820724aaadbb2e8eb9d av_one_full  avia-builder-el-2  el_after_av_one_full  el_before_av_one_third  first flex_column_div  column-top-margin'     ><section  class='av_textblock_section av-mldxh0fj-91fd1b6d125ab0cbada50393382068de '   itemscope=\"itemscope\" itemtype=\"https:\/\/schema.org\/CreativeWork\" ><div class='avia_textblock'  itemprop=\"text\" ><h3>Ich bin seit 2002 als Psychologischer \u00a0Coach und Logop\u00e4din in K\u00f6ln t\u00e4tig, seit 2016 in eigener Praxis in Br\u00fchl (NRW).<\/h3>\n<\/div><\/section><\/div>\n<div  class='flex_column av-av_one_third-a2cef933b0a555f25d1e39b22a8e9dae av_one_third  avia-builder-el-4  el_after_av_one_full  el_before_av_one_third  first flex_column_div  column-top-margin'     ><style type=\"text\/css\" data-created_by=\"avia_inline_auto\" id=\"style-css-av-mldy9cp9-f2a875072befa5c77a7e3ee697f709d1\">\n.avia-image-container.av-mldy9cp9-f2a875072befa5c77a7e3ee697f709d1 img.avia_image{\nbox-shadow:none;\n}\n.avia-image-container.av-mldy9cp9-f2a875072befa5c77a7e3ee697f709d1 .av-image-caption-overlay-center{\ncolor:#ffffff;\n}\n<\/style>\n<div  class='avia-image-container av-mldy9cp9-f2a875072befa5c77a7e3ee697f709d1 av-styling- avia-align-center  avia-builder-el-5  avia-builder-el-no-sibling '   itemprop=\"image\" itemscope=\"itemscope\" itemtype=\"https:\/\/schema.org\/ImageObject\" ><div class=\"avia-image-container-inner\"><div class=\"avia-image-overlay-wrap\"><img decoding=\"async\" fetchpriority=\"high\" class='wp-image-52 avia-img-lazy-loading-not-52 avia_image ' src=\"https:\/\/gudruningelbach.feel-good-media.de\/wp-content\/uploads\/2026\/02\/image-480x480-1.jpg\" alt='' title='image-480x480'  height=\"480\" width=\"480\"  itemprop=\"thumbnailUrl\" srcset=\"https:\/\/gudruningelbach.feel-good-media.de\/wp-content\/uploads\/2026\/02\/image-480x480-1.jpg 480w, https:\/\/gudruningelbach.feel-good-media.de\/wp-content\/uploads\/2026\/02\/image-480x480-1-300x300.jpg 300w, https:\/\/gudruningelbach.feel-good-media.de\/wp-content\/uploads\/2026\/02\/image-480x480-1-80x80.jpg 80w, https:\/\/gudruningelbach.feel-good-media.de\/wp-content\/uploads\/2026\/02\/image-480x480-1-36x36.jpg 36w, https:\/\/gudruningelbach.feel-good-media.de\/wp-content\/uploads\/2026\/02\/image-480x480-1-180x180.jpg 180w\" sizes=\"(max-width: 480px) 100vw, 480px\" \/><\/div><\/div><\/div><\/div><div  class='flex_column av-av_one_third-538dd737667e19053994a94b9156413b av_one_third  avia-builder-el-6  el_after_av_one_third  el_before_av_one_third  flex_column_div  column-top-margin'     ><section  class='av_textblock_section av-mldxjkbh-4e6bc631a7140a38724fd3ff90d2799c '   itemscope=\"itemscope\" itemtype=\"https:\/\/schema.org\/CreativeWork\" ><div class='avia_textblock'  itemprop=\"text\" ><h2>Ausbildung<\/h2>\n<ul>\n<li>\n<h6>Studium der Psychologie, P\u00e4dagogik und Germanistik, Universit\u00e4t Bonn und K\u00f6ln<\/h6>\n<\/li>\n<li>\n<h6>Ausbildung zur Logop\u00e4din, DAA K\u00f6ln<\/h6>\n<\/li>\n<li>\n<h6>Ausbildung zum Mental-Coach- Ausbildung zur zertifizierten Entspannungstrainerin<\/h6>\n<\/li>\n<li>\n<h6>Progressive Muskelentspannung Pr\u00e4ventionskurs nach \u00a720 der gesetzlichen Krankenkassen<\/h6>\n<\/li>\n<li>\n<h6>Ausbildung zur Trainerin des Marburger Konzentrationstraining nach Dr. Krowatschek<\/h6>\n<\/li>\n<li>\n<h6>Verein zur F\u00f6rderung \u00fcberaktiver Kinder e.V.<\/h6>\n<\/li>\n<\/ul>\n<\/div><\/section><\/div><div  class='flex_column av-av_one_third-538dd737667e19053994a94b9156413b av_one_third  avia-builder-el-8  el_after_av_one_third  el_before_av_one_half  flex_column_div  column-top-margin'     ><\/div><\/p>\n<div  class='flex_column av-21jxl-990f88bea993ee62211672054e0df421 av_one_half  avia-builder-el-9  el_after_av_one_third  el_before_av_one_half  first flex_column_div  column-top-margin'     ><\/div><div  class='flex_column av-1nhzp-d02c4942ab020e7941903d3f02c4c3ce av_one_half  avia-builder-el-10  el_after_av_one_half  el_before_av_one_full  flex_column_div  column-top-margin'     ><\/div><div  class='flex_column av-zpz1-6242fd72517e762a9693f0996c0a808b av_one_full  avia-builder-el-11  el_after_av_one_half  avia-builder-el-last  first flex_column_div  column-top-margin'     ><section  class='av_textblock_section av-mldxndvk-f46aef3ba9b5c453f72e94fd5a28afbd '   itemscope=\"itemscope\" itemtype=\"https:\/\/schema.org\/CreativeWork\" ><div class='avia_textblock'  itemprop=\"text\" ><h2 style=\"text-align: center;\">Weitere Webseite:<\/h2>\n<p><a href=\"https:\/\/logopaedie-gudrun-ingelbach-bruehl.net\/\" target=\"_blank\" rel=\"noopener\">https:\/\/logopaedie-gudrun-ingelbach-bruehl.net\/<\/a><\/p>\n<\/div><\/section><\/div><\/p>\n","protected":false},"excerpt":{"rendered":"","protected":false},"author":1,"featured_media":0,"parent":0,"menu_order":0,"comment_status":"closed","ping_status":"closed","template":"","meta":{"footnotes":""},"class_list":["post-21","page","type-page","status-publish","hentry"],"_links":{"self":[{"href":"https:\/\/gudruningelbach.feel-good-media.de\/index.php?rest_route=\/wp\/v2\/pages\/21","targetHints":{"allow":["GET"]}}],"collection":[{"href":"https:\/\/gudruningelbach.feel-good-media.de\/index.php?rest_route=\/wp\/v2\/pages"}],"about":[{"href":"https:\/\/gudruningelbach.feel-good-media.de\/index.php?rest_route=\/wp\/v2\/types\/page"}],"author":[{"embeddable":true,"href":"https:\/\/gudruningelbach.feel-good-media.de\/index.php?rest_route=\/wp\/v2\/users\/1"}],"replies":[{"embeddable":true,"href":"https:\/\/gudruningelbach.feel-good-media.de\/index.php?rest_route=%2Fwp%2Fv2%2Fcomments&post=21"}],"version-history":[{"count":10,"href":"https:\/\/gudruningelbach.feel-good-media.de\/index.php?rest_route=\/wp\/v2\/pages\/21\/revisions"}],"predecessor-version":[{"id":64,"href":"https:\/\/gudruningelbach.feel-good-media.de\/index.php?rest_route=\/wp\/v2\/pages\/21\/revisions\/64"}],"wp:attachment":[{"href":"https:\/\/gudruningelbach.feel-good-media.de\/index.php?rest_route=%2Fwp%2Fv2%2Fmedia&parent=21"}],"curies":[{"name":"wp","href":"https:\/\/api.w.org\/{rel}","templated":true}]}}